[INFO] fetching crate pleingres-sql-plugin 0.2.0...
[INFO] checking pleingres-sql-plugin-0.2.0 against master#9610dfe5a9a731ced1ea4923ecbd0c57fe367898 for beta-170-4
[INFO] extracting crate pleingres-sql-plugin 0.2.0 into /workspace/builds/worker-2-tc1/source
[INFO] validating manifest of crates.io crate pleingres-sql-plugin 0.2.0 on toolchain 9610dfe5a9a731ced1ea4923ecbd0c57fe367898
[INFO] running `Command { std: CARGO_HOME="/workspace/cargo-home" RUSTUP_HOME="/workspace/rustup-home" "/workspace/cargo-home/bin/cargo" "+9610dfe5a9a731ced1ea4923ecbd0c57fe367898" "metadata" "--manifest-path" "Cargo.toml" "--no-deps", kill_on_drop: false }`
[INFO] started tweaking crates.io crate pleingres-sql-plugin 0.2.0
[INFO] finished tweaking crates.io crate pleingres-sql-plugin 0.2.0
[INFO] tweaked toml for crates.io crate pleingres-sql-plugin 0.2.0 written to /workspace/builds/worker-2-tc1/source/Cargo.toml
[INFO] running `Command { std: CARGO_HOME="/workspace/cargo-home" RUSTUP_HOME="/workspace/rustup-home" __CARGO_TEST_CHANNEL_OVERRIDE_DO_NOT_USE_THIS="nightly" "/workspace/cargo-home/bin/cargo" "+9610dfe5a9a731ced1ea4923ecbd0c57fe367898" "generate-lockfile" "--manifest-path" "Cargo.toml" "-Zno-index-update", kill_on_drop: false }`
[INFO] running `Command { std: CARGO_HOME="/workspace/cargo-home" RUSTUP_HOME="/workspace/rustup-home" "/workspace/cargo-home/bin/cargo" "+9610dfe5a9a731ced1ea4923ecbd0c57fe367898" "fetch" "--manifest-path" "Cargo.toml", kill_on_drop: false }`
[INFO] running `Command { std: "docker" "create" "-v" "/var/lib/crater-agent-workspace/builds/worker-2-tc1/target:/opt/rustwide/target:rw,Z" "-v" "/var/lib/crater-agent-workspace/builds/worker-2-tc1/source:/opt/rustwide/workdir:ro,Z" "-v" "/var/lib/crater-agent-workspace/cargo-home:/opt/rustwide/cargo-home:ro,Z" "-v" "/var/lib/crater-agent-workspace/rustup-home:/opt/rustwide/rustup-home:ro,Z" "-e" "SOURCE_DIR=/opt/rustwide/workdir" "-e" "CARGO_TARGET_DIR=/opt/rustwide/target" "-e" "CARGO_HOME=/opt/rustwide/cargo-home" "-e" "RUSTUP_HOME=/opt/rustwide/rustup-home" "-w" "/opt/rustwide/workdir" "-m" "1610612736" "--user" "0:0" "--network" "none" "ghcr.io/rust-lang/crates-build-env/linux@sha256:19e73879b68f455e41552ea35293514db52ea292d993f571636dbffedb77a1ee" "/opt/rustwide/cargo-home/bin/cargo" "+9610dfe5a9a731ced1ea4923ecbd0c57fe367898" "metadata" "--no-deps" "--format-version=1", kill_on_drop: false }`
[INFO] [stdout] d6ace0b9bb67967ed6bd6709be7516a8b0249d90ee3b3e749d76e6c427b00e4d
[INFO] running `Command { std: "docker" "start" "-a" "d6ace0b9bb67967ed6bd6709be7516a8b0249d90ee3b3e749d76e6c427b00e4d", kill_on_drop: false }`
[INFO] running `Command { std: "docker" "inspect" "d6ace0b9bb67967ed6bd6709be7516a8b0249d90ee3b3e749d76e6c427b00e4d", kill_on_drop: false }`
[INFO] running `Command { std: "docker" "rm" "-f" "d6ace0b9bb67967ed6bd6709be7516a8b0249d90ee3b3e749d76e6c427b00e4d", kill_on_drop: false }`
[INFO] [stdout] d6ace0b9bb67967ed6bd6709be7516a8b0249d90ee3b3e749d76e6c427b00e4d
[INFO] running `Command { std: "docker" "create" "-v" "/var/lib/crater-agent-workspace/builds/worker-2-tc1/target:/opt/rustwide/target:rw,Z" "-v" "/var/lib/crater-agent-workspace/builds/worker-2-tc1/source:/opt/rustwide/workdir:ro,Z" "-v" "/var/lib/crater-agent-workspace/cargo-home:/opt/rustwide/cargo-home:ro,Z" "-v" "/var/lib/crater-agent-workspace/rustup-home:/opt/rustwide/rustup-home:ro,Z" "-e" "SOURCE_DIR=/opt/rustwide/workdir" "-e" "CARGO_TARGET_DIR=/opt/rustwide/target" "-e" "CARGO_INCREMENTAL=0" "-e" "RUST_BACKTRACE=full" "-e" "RUSTFLAGS=--cap-lints=forbid" "-e" "RUSTDOCFLAGS=--cap-lints=forbid" "-e" "CARGO_HOME=/opt/rustwide/cargo-home" "-e" "RUSTUP_HOME=/opt/rustwide/rustup-home" "-w" "/opt/rustwide/workdir" "-m" "1610612736" "--user" "0:0" "--network" "none" "ghcr.io/rust-lang/crates-build-env/linux@sha256:19e73879b68f455e41552ea35293514db52ea292d993f571636dbffedb77a1ee" "/opt/rustwide/cargo-home/bin/cargo" "+9610dfe5a9a731ced1ea4923ecbd0c57fe367898" "check" "--frozen" "--all" "--all-targets" "--message-format=json", kill_on_drop: false }`
[INFO] [stdout] efb7abde15e6586d97c48b57f8533e1414e92256b85a1d0c0374eff16b1e02db
[INFO] running `Command { std: "docker" "start" "-a" "efb7abde15e6586d97c48b57f8533e1414e92256b85a1d0c0374eff16b1e02db", kill_on_drop: false }`
[INFO] [stderr]    Compiling memchr v2.5.0
[INFO] [stderr]    Compiling regex v0.2.11
[INFO] [stderr]     Checking ucd-util v0.1.10
[INFO] [stderr]     Checking utf8-ranges v1.0.5
[INFO] [stderr]     Checking thread_local v0.3.6
[INFO] [stderr]     Checking regex-syntax v0.5.6
[INFO] [stderr]     Checking aho-corasick v0.6.10
[INFO] [stderr]     Checking pleingres-sql-plugin v0.2.0 (/opt/rustwide/workdir)
[INFO] [stdout] error[E0557]: feature has been removed
[INFO] [stdout]   --> src/lib.rs:25:12
[INFO] [stdout]    |
[INFO] [stdout] 25 | #![feature(quote, concat_idents, plugin_registrar, rustc_private)]
[INFO] [stdout]    |            ^^^^^ feature has been removed
[INFO] [stdout] 
[INFO] [stdout] 
[INFO] [stdout] error[E0557]: feature has been removed
[INFO] [stdout]   --> src/lib.rs:25:12
[INFO] [stdout]    |
[INFO] [stdout] 25 | #![feature(quote, concat_idents, plugin_registrar, rustc_private)]
[INFO] [stdout]    |            ^^^^^ feature has been removed
[INFO] [stdout] 
[INFO] [stdout] 
[INFO] [stdout] error[E0557]: feature has been removed
[INFO] [stdout]   --> src/lib.rs:25:34
[INFO] [stdout]    |
[INFO] [stdout] 25 | #![feature(quote, concat_idents, plugin_registrar, rustc_private)]
[INFO] [stdout]    |                                  ^^^^^^^^^^^^^^^^ feature has been removed
[INFO] [stdout]    |
[INFO] [stdout]    = note: a __rustc_plugin_registrar symbol must now be defined instead
[INFO] [stdout] 
[INFO] [stdout] 
[INFO] [stdout] error[E0557]: feature has been removed
[INFO] [stdout]   --> src/lib.rs:25:34
[INFO] [stdout]    |
[INFO] [stdout] 25 | #![feature(quote, concat_idents, plugin_registrar, rustc_private)]
[INFO] [stdout]    |                                  ^^^^^^^^^^^^^^^^ feature has been removed
[INFO] [stdout]    |
[INFO] [stdout]    = note: a __rustc_plugin_registrar symbol must now be defined instead
[INFO] [stdout] 
[INFO] [stdout] 
[INFO] [stdout] error[E0557]: feature has been removed
[INFO] [stdout]   --> src/lib.rs:26:12
[INFO] [stdout]    |
[INFO] [stdout] 26 | #![feature(custom_attribute)]
[INFO] [stdout]    |            ^^^^^^^^^^^^^^^^ feature has been removed
[INFO] [stdout]    |
[INFO] [stdout]    = note: removed in favor of `#![register_tool]` and `#![register_attr]`
[INFO] [stdout] 
[INFO] [stdout] 
[INFO] [stdout] error[E0557]: feature has been removed
[INFO] [stdout]   --> src/lib.rs:26:12
[INFO] [stdout]    |
[INFO] [stdout] 26 | #![feature(custom_attribute)]
[INFO] [stdout]    |            ^^^^^^^^^^^^^^^^ feature has been removed
[INFO] [stdout]    |
[INFO] [stdout]    = note: removed in favor of `#![register_tool]` and `#![register_attr]`
[INFO] [stdout] 
[INFO] [stdout] 
[INFO] [stdout] error[E0463]: can't find crate for `syntax`
[INFO] [stdout]   --> src/lib.rs:28:1
[INFO] [stdout]    |
[INFO] [stdout] 28 | extern crate syntax;
[INFO] [stdout]    | ^^^^^^^^^^^^^^^^^^^^ can't find crate
[INFO] [stdout] 
[INFO] [stdout] 
[INFO] [stdout] error[E0463]: can't find crate for `rustc_plugin`
[INFO] [stdout]   --> src/lib.rs:29:1
[INFO] [stdout]    |
[INFO] [stdout] 29 | extern crate rustc_plugin;
[INFO] [stdout]    | ^^^^^^^^^^^^^^^^^^^^^^^^^^ can't find crate
[INFO] [stdout]    |
[INFO] [stdout]    = help: maybe you need to install the missing components with: `rustup component add rust-src rustc-dev llvm-tools-preview`
[INFO] [stdout] 
[INFO] [stdout] 
[INFO] [stdout] error[E0463]: can't find crate for `syntax`
[INFO] [stdout]   --> src/lib.rs:28:1
[INFO] [stdout]    |
[INFO] [stdout] 28 | extern crate syntax;
[INFO] [stdout]    | ^^^^^^^^^^^^^^^^^^^^ can't find crate
[INFO] [stdout] 
[INFO] [stdout] 
[INFO] [stdout] error[E0463]: can't find crate for `rustc_plugin`
[INFO] [stdout]   --> src/lib.rs:29:1
[INFO] [stdout]    |
[INFO] [stdout] 29 | extern crate rustc_plugin;
[INFO] [stdout]    | ^^^^^^^^^^^^^^^^^^^^^^^^^^ can't find crate
[INFO] [stdout]    |
[INFO] [stdout]    = help: maybe you need to install the missing components with: `rustup component add rust-src rustc-dev llvm-tools-preview`
[INFO] [stdout] 
[INFO] [stdout] 
[INFO] [stdout] error: cannot find attribute `plugin_registrar` in this scope
[INFO] [stdout]   --> src/lib.rs:43:3
[INFO] [stdout]    |
[INFO] [stdout] 43 | #[plugin_registrar]
[INFO] [stdout]    |   ^^^^^^^^^^^^^^^^
[INFO] [stdout] 
[INFO] [stdout] 
[INFO] [stdout] error: cannot find macro `quote_stmt` in this scope
[INFO] [stdout]   --> src/lib.rs:94:30
[INFO] [stdout]    |
[INFO] [stdout] 94 |                     sql.push(quote_stmt!(
[INFO] [stdout]    |                              ^^^^^^^^^^
[INFO] [stdout] 
[INFO] [stdout] 
[INFO] [stdout] error: cannot find macro `quote_item` in this scope
[INFO] [stdout]    --> src/lib.rs:114:21
[INFO] [stdout]     |
[INFO] [stdout] 114 |                     quote_item!(
[INFO] [stdout]     |                     ^^^^^^^^^^
[INFO] [stdout] 
[INFO] [stdout] 
[INFO] [stdout] error: cannot find attribute `plugin_registrar` in this scope
[INFO] [stdout]   --> src/lib.rs:43:3
[INFO] [stdout]    |
[INFO] [stdout] 43 | #[plugin_registrar]
[INFO] [stdout]    |   ^^^^^^^^^^^^^^^^
[INFO] [stdout] 
[INFO] [stdout] 
[INFO] [stdout] error: cannot find macro `quote_stmt` in this scope
[INFO] [stdout]   --> src/lib.rs:94:30
[INFO] [stdout]    |
[INFO] [stdout] 94 |                     sql.push(quote_stmt!(
[INFO] [stdout]    |                              ^^^^^^^^^^
[INFO] [stdout] 
[INFO] [stdout] 
[INFO] [stdout] error: cannot find macro `quote_item` in this scope
[INFO] [stdout]    --> src/lib.rs:114:21
[INFO] [stdout]     |
[INFO] [stdout] 114 |                     quote_item!(
[INFO] [stdout]     |                     ^^^^^^^^^^
[INFO] [stdout] 
[INFO] [stdout] 
[INFO] [stdout] error: aborting due to 8 previous errors
[INFO] [stdout] 
[INFO] [stdout] 
[INFO] [stdout] Some errors have detailed explanations: E0463, E0557.
[INFO] [stdout] 
[INFO] [stdout] For more information about an error, try `rustc --explain E0463`.
[INFO] [stdout] 
[INFO] [stdout] error: aborting due to 8 previous errors
[INFO] [stdout] 
[INFO] [stdout] 
[INFO] [stdout] Some errors have detailed explanations: E0463, E0557.
[INFO] [stdout] 
[INFO] [stdout] For more information about an error, try `rustc --explain E0463`.
[INFO] [stdout] 
[INFO] [stderr] error: could not compile `pleingres-sql-plugin` (lib) due to 9 previous errors
[INFO] [stderr] warning: build failed, waiting for other jobs to finish...
[INFO] [stderr] error: could not compile `pleingres-sql-plugin` (lib test) due to 9 previous errors
[INFO] running `Command { std: "docker" "inspect" "efb7abde15e6586d97c48b57f8533e1414e92256b85a1d0c0374eff16b1e02db", kill_on_drop: false }`
[INFO] running `Command { std: "docker" "rm" "-f" "efb7abde15e6586d97c48b57f8533e1414e92256b85a1d0c0374eff16b1e02db", kill_on_drop: false }`
[INFO] [stdout] efb7abde15e6586d97c48b57f8533e1414e92256b85a1d0c0374eff16b1e02db
